the units digit of 1085 + (-10 - -4 - 4)?
5
Let m(x) = 53*x - 402. Let o(k) = -26*k + 201. Let q(h) = 3*m(h) + 5*o(h). What is the hundreds digit of q(40)?
9
Suppose -3*t + 63 = -12*t. Let x = 119 - t. What is the units digit of x?
6
Let n(i) = -2*i**3 + i - 4. Let v be n(2). Let j be (-42)/v + 1/(-3). Suppose -j*p - r + 104 = 0, -5*p - 3*r + 186 = -73. What is the tens digit of p?
5
Suppose 297*a + 95010 = 312*a. What is the tens digit of a?
3
Let x be ((-8)/((-32)/12))/(-1). Let l(t) = -5*t**3 + 3*t**2 + 7*t + 6. What is the tens digit of l(x)?
4
What is the ten thousands digit of (-63)/(-18)*2167040/224?
3
Let p be (-2 - -7)/(-5)*-9061. Suppose -3*r - 14*r = -p. What is the hundreds digit of r?
5
Let x(j) = j**2 - j + 1. Let o be x(3). Suppose g - o*g = -468. What is the units digit of (-1846)/g*6/(-1*1)?
2
What is the thousands digit of -2 + 2 - 188343/(-3 + -14)?
1
Let k = 25 - 2. Suppose -3*a + p = -k + 3, -5*p = 25. Let j(r) = 2*r + 4. What is the units digit of j(a)?
4
Let g = -11050 - -20703. What is the units digit of g?
3
Let z(y) = y**2 + 3*y - 4. Let c be z(-4). Suppose c = -0*q + 7*q - 644. What is the tens digit of q?
9
What is the units digit of 2/3 + 625820/249?
4
Let i(a) = -7136*a**3 - 2*a**2 - 52*a - 52. What is the tens digit of i(-1)?
3
Suppose 5*d - r = 85, 88 = 5*d + r + 3. What is the units digit of d*4484/(-38)*1/(-2)?
3
Let l(x) be the third derivative of -x**5/60 - x**4/4 + 5*x**3/2 - x**2. What is the units digit of l(-5)?
0
Suppose -52*p + 20*p = -1760672. What is the ten thousands digit of p?
5
Suppose -2*h + 5*y + 42833 = 0, -80*y + 85715 = 4*h - 83*y. What is the ten thousands digit of h?
2
Suppose 10*c + 21 = -9. What is the tens digit of (-24)/((156/(-80))/(-13))*c?
8
Let f(s) = 6356*s - 59. What is the units digit of f(1)?
7
Let s = -502 - -503. What is the tens digit of (-238)/(-14) - 12 - (-1248 + s)?
5
Suppose -24*f - 43*f + 2295219 = 0. What is the tens digit of f?
5
Let w(u) be the first derivative of -11*u**4/24 - 17*u**3/6 - 5*u**2 + 12. Let r(k) be the second derivative of w(k). What is the units digit of r(-14)?
7
Let d = -755 + 1348. Suppose -586*t - 5894 = -d*t. What is the hundreds digit of t?
8
Let t(g) = -10*g + 134. Let l be t(13). Let i = 662 - 472. Suppose 3*r - 251 = l*z, -3*z - 65 = -3*r + i. What is the units digit of r?
9
Let b be ((-6)/14)/((-6)/42). Let d = -94 + 98. Suppose 4*l - 336 = d*i, -b*l + 415 = 2*l - 4*i. What is the units digit of l?
9
Let h(r) = 13*r - 51. Let k be h(4). What is the units digit of (-5)/k - 7/(42/(-5802))?
2
Let z be 3 + 162 + 3 + -2. Let x = z - 110. Suppose f - 4*q = 124, f - 77 = q + x. What is the tens digit of f?
3
Let i(c) = 4*c + 0*c - 42 - 4*c + 4*c. Let q(v) = v**3 - 6*v**2 + 7*v + 10. Let u be q(5). What is the units digit of i(u)?
8
Suppose 81*l = 934634 + 142828. What is the thousands digit of l?
3
Suppose -42*u + 8*u + 4*u + 989250 = 0. What is the tens digit of u?
7
Suppose 14*x - 296838 - 791466 = 0. What is the hundreds digit of x?
7
Let p(y) = -132*y + 1063. What is the hundreds digit of p(-88)?
6
Suppose 21*l = -3*d + 25*l + 9352, -d + 3*l + 3109 = 0. What is the thousands digit of d?
3
Let k(f) = 47*f + 7. Let h = -108 + 109. Let u be k(h). Suppose 81 = 5*d - u. What is the units digit of d?
7
Let d = -715 - 186. Let y = d - -922. What is the tens digit of y?
2
Let b = 5 + -5. Let s(j) be the first derivative of j**4/4 + j**3/3 - j**2/2 + 52*j + 116. What is the tens digit of s(b)?
5
Suppose -6*o = -11*o + 20. Suppose -12 = -4*t, o*s + 0*t = -5*t + 1791. What is the hundreds digit of s?
4
Let n = 122 + -122. Suppose -12*p + 8*p - 3248 = n. What is the hundreds digit of (-1 + p)/(-3) + 4?
2
Let c be (-21 - -1)*(-18)/12. Let k = -25 + c. Suppose -5*q = k*v - 535, -q - 432 = -5*q - 3*v. What is the units digit of q?
1
Suppose 152826 = -130*x + 139*x - 10335. What is the ten thousands digit of x?
1
Let u(i) = i**3 - 19*i**2 - 16*i + 36. Let l be u(20). Let x = 16 + l. What is the units digit of x?
2
What is the units digit of 2/((1/((-107737)/(-4)))/((-54)/(-63)))?
3
What is the hundreds digit of (523791/126 - 20/35)*4?
6
Suppose -q = 3*r - 10657, -150*q = -148*q - 5*r - 21303. What is the ten thousands digit of q?
1
Let t(q) = -22*q**3 + 2*q**2 + 8*q + 229. What is the ten thousands digit of t(-11)?
2
Let j = 20210 - 4879. What is the hundreds digit of j?
3
Let c be (-1 + -4)*(-56)/35. Suppose c*l - 1818 = -650. What is the units digit of l?
6
Let u(q) be the third derivative of -q**5/60 - q**4/3 + 9*q**3/2 + 7*q**2. Let j be u(-9). What is the units digit of 824/j + 14/63?
6
Let z(h) = -58*h + 81. Let o = -471 - -462. What is the tens digit of z(o)?
0
Let i be (1748/(-2))/(4 - (-12)/(-2)). Let l be (-4)/(-5) + i/(-115). What is the units digit of (1/l)/((-28)/2604)?
1
Suppose 2*l = 2454 + 178. Let k = l + -862. Suppose -9*z - k = -11*z. What is the hundreds digit of z?
2
Let k(o) = 25*o - 10*o + 4*o**2 - o**2 - 2*o**2 + 14. Let s be k(-9). Let d = -30 - s. What is the tens digit of d?
1
Let r(o) = 19*o**2 + 224*o + 3. What is the units digit of r(-14)?
1
Let g(u) = 3832*u - 37. Let p(s) = -1278*s + 13. Let l(a) = 6*g(a) + 17*p(a). What is the tens digit of l(1)?
6
Let f = -5 - -10. Let v = -1790 - -1774. What is the units digit of 102 + v/(20/f)?
8
Let q be (14/63)/((-2)/(-3))*24. Suppose -4*s = q, 0 = -o + s - 1 + 6. What is the units digit of 2*(o + 0)/6?
1
Suppose 5*q + 0*q = -5*a + 410, 0 = -3*q + 4*a + 260. Let n = q + -41. Suppose 3*v + 5*y - n = 0, -v = -2*v - 4*y + 5. What is the tens digit of v?
2
Suppose 53004 = 9*d + 37398. What is the tens digit of d?
3
Let a(u) = -3*u + 5. Let x be a(8). Let j = x - -21. Suppose -i + 28 = k, -j*k - 2*k + 112 = -i. What is the units digit of k?
8
Suppose -4*b - 141942 = -5*o + 52030, 3*b - 116367 = -3*o. What is the ten thousands digit of o?
3
Let r(a) = -12*a + 26. Let t(i) = -17*i**3 - i**2. Let k be t(-1). Let y be r(k). What is the tens digit of (-1)/(((-1)/y)/((-2)/4))?
8
Let d(v) = 63862*v - 1729. What is the tens digit of d(1)?
3
Let u(k) = 2*k**3 - 30*k**2 + 21*k + 28. Let q be ((-12)/8)/(57/(-646)). What is the thousands digit of u(q)?
1
Let x(g) = -20*g**3 + g**2 - 6*g + 4. Suppose 3*a - 18 = -27. What is the units digit of x(a)?
1
Let j = -21 - 30. Let g = -187 - j. Let k = g + 250. What is the units digit of k?
4
Suppose -43*z = -9*z - 102. Let t = 5 + -5. Suppose z*n - 78 = -t. What is the units digit of n?
6
Suppose 4*p + 16 = s, -1 + 17 = -4*p. Suppose -q + 447 = 4*t, 2*t + s*q - 236 = 2*q. What is the tens digit of t?
1
Let c = 622 + -606. Suppose -c*j + 37*j = 5922. What is the tens digit of j?
8
Let i(y) = 115*y**2 + 55*y - 40. Let m(u) = 23*u**2 + 11*u - 8. Let q(a) = -2*i(a) + 11*m(a). What is the thousands digit of q(-7)?
1
Let z = 18432 - 11640. What is the thousands digit of z?
6
Let b = 11825 + -4434. What is the thousands digit of b?
7
What is the tens digit of (-1)/2 + (-572355)/(-90)?
5
Suppose -3*z + 16 = -5*y, 4*y = -26*z + 27*z - 17. Let o(c) = -21*c**3 + 5*c**2 + 5*c - 3. What is the hundreds digit of o(z)?
5
Let p(w) = -16*w + 226. Let a be p(9). Suppose -33975 = a*g - 107*g. What is the hundreds digit of g?
3
Let a be 1543/(-3) - (-6)/18. Let q = -65 - a. What is the hundreds digit of q?
4
Suppose -3 = 3*s - 3*g + 9, 0 = 2*s - 4*g + 14. What is the units digit of ((-530)/20 - -8)/(s/22)?
7
Let k(g) = -91*g**3 - g. Let u be k(-1). Let n = 108 - u. Suppose l - 185 = 3*x, -13*l + n*l = -3*x + 615. What is the hundreds digit of l?
2
Let x(g) = 15*g**2 - 2*g - 45. Let b be x(19). Suppose -b = -12*c + 8036. What is the units digit of c?
4
Let s be 3 - (-2)/(24/327)*-4. Let y = s + 277. What is the units digit of y?
1
Let j = -145 - -654. Let p = -351 + j. What is the hundreds digit of p?
1
What is the tens digit of (3714/16)/((-864)/(-188928))?
5
Let p(c) = -13*c + 610. Let j(z) = -5*z + 204. Let v(t) = -11*j(t) + 4*p(t). What is the tens digit of v(-43)?
6
Let i = 20179 - 8642. What is the ten thousands digit of i?
1
Let i(b) = -1498*b + 1613. What is the tens digit of i(-4)?
0
Let p = 3192 - 2584. What is the hundreds digit of p?
6
Let w be 4/6 + (136/12 - 2). Let y = 13 - w. What is the tens digit of (-3*y)/((-18)/84)?
4
Suppose 3*c + 47 = 2*s, 4*c + 2*s - 32 = 